 5. List the prime factors of x.
2, 3
Let m = 2 - -1. Let t be 0*(0 - -3)/m. Suppose 3*f - 36 = -t*f. What are the prime factors of f?
2, 3
Suppose 29*x = 26*x + 609. List the prime factors of x.
7, 29
Let t(h) = -h + 11. Let m = 0 - -4. Suppose 0 = -n - v + 4*v - 2, -23 = -5*n + m*v. List the prime factors of t(n).
2
Let j(l) = l**2 - 3*l - 4. Let p be j(4). Let v(w) = -w**3 + 5*w**2 - 4*w - 2. Let y be v(4). What are the prime factors of (y + 1)*(p + -3)?
3
Suppose -11*f - 1258 = -5592. List the prime factors of f.
2, 197
Let v(z) = -z**3 + 6*z**2 + 8*z - 2. Let g be v(7). Suppose 2*c - g = 3*j, -2*j + 3 = 9. Let x(y) = -4*y - 2. List the prime factors of x(c).
2, 3
Suppose m + 4*m - 3*n = 63, -2*m - 2*n + 22 = 0. Suppose 3*t + x = 25, -3*t + 11 = -x - m. List the prime factors of t.
2
Suppose -11*m + 13*m - 12 = 0. What are the prime factors of m?
2, 3
Suppose -4*k = -5*h - 47, 2*h - 28 = -k - 0*h. List the prime factors of k.
2, 3
Let f be 2/(-10) + (-32)/(-10). Suppose -51 = -4*c - 3*p, f*p + 43 = 4*c - 2*p. Suppose h + 3*h - c = 0. List the prime factors of h.
3
Let r = 31 - 21. Suppose r = 3*i + 2*i. Suppose 0 = -i*n - n + 27. List the prime factors of n.
3
Let m be 1*(-24 - -3)*-1. Let q = m - 3. What are the prime factors of q?
2, 3
Let k(u) = u**2 - 2*u - 2. Let b(q) = -2*q + 9. Let o be b(6). What are the prime factors of k(o)?
13
What are the prime factors of 3 + -2*(-2 - (61 - 1))?
127
Let d = 9 + -9. Suppose -75 = -5*u - d*u. What are the prime factors of u?
3, 5
Suppose 5*p + 25 = 0, -p + 0*p = 4*w - 71. Suppose -4*h - g + 99 = 0, w = -5*h - g + 144. What are the prime factors of h?
2, 13
Let j(y) = -y + 2. Let h be j(0). Suppose -4*c - 136 = -3*d, h*c + 4*d + 68 = -0*c. List the prime factors of (-1)/(0 + 2/c).
17
Let x(w) = 49*w - 7. List the prime factors of x(3).
2, 5, 7
Let t(j) = 2*j**2 - 2*j - 2. Let q be t(2). Suppose -q*w = -7*w + 10, -5*h = 4*w - 38. What are the prime factors of h?
2, 3
Let a(s) = -s - 7. Let t be a(-9). Suppose 0 = -t*y - 0*y + 10. Suppose -w - 16 = -g, -2*w = -y*g + 60 + 20. List the prime factors of g.
2
Let h be 3/(-2 + (-1)/(-2)). What are the prime factors of ((-16)/h)/((-1)/(-2))?
2
Let w(q) = 5*q. Suppose 5*m = 39 + 1. Let p be w(m). Suppose g + p = 6*g. List the prime factors of g.
2
Let v = -36 - -72. Suppose 4*q - v = o + 2*o, 2*o = -2*q + 18. Let a = q + -3. List the prime factors of a.
2, 3
Suppose -5*u + 302 = x, u + 3*x = 2*u - 70. What are the prime factors of u?
61
Suppose 0 = 4*t + 6 - 162. List the prime factors of t/6*-2*-1.
13
Suppose 3*i + 225 = m, -4*m = -4*i - 671 - 261. List the prime factors of m.
3, 79
Suppose -966 = 7*i - 3059. What are the prime factors of i?
13, 23
Suppose -584 = 2*m - 10*m. What are the prime factors of m?
73
Let s(n) = n - 6. Let a be s(11). Let l = a - 5. Suppose -b = -l*b - 16. List the prime factors of b.
2
Suppose -4*c + 13 = -3*m + 1, -2*c + 6 = 0. Let y(s) = s**2 - 1. Let h(k) = 4*k**2 + k + 3. Let a(w) = h(w) - 3*y(w). What are the prime factors of a(m)?
2, 3
List the prime factors of (2 + 0)/(-2) - 1292/(-68).
2, 3
Suppose 8*g - 16 = 6*g. List the prime factors of g.
2
Let v(r) = -r**3 + 8*r**2 - 7*r. Let z be v(7). Suppose 2*s = -4*x + 48, 24 = s - z*x - 2*x. What are the prime factors of s?
2, 3
Let b(m) = 33*m**2 + m. List the prime factors of b(-1).
2
Suppose -4*n = -i - 94, -n = 3*i - 4 - 13. List the prime factors of n.
23
What are the prime factors of (-3)/(-6) - 114/(-12)?
2, 5
Let n be (-3)/(-4) - (-2085)/20. Suppose -2*m + n = 5*z, -2*z + 23 = -0*z - 3*m. Suppose -5*x + 27 = 4*v, 2*v = 3*x + 3*v - z. What are the prime factors of x?
7
Suppose -4*s + 34 = -2*s. List the prime factors of s.
17
Let o(s) = s**3 + 6*s**2 - s + 2. Let f(m) = -m**2 - 3*m + 6. Let u be f(-6). Let k = u - -6. What are the prime factors of o(k)?
2
List the prime factors of 398/3 + (10/3 - 4).
2, 3, 11
Suppose -3*a - 9 = -3*j, 3*a - a - 3*j = -1. Let c be 1*-12 + (0 - 2). Let p = a - c. What are the prime factors of p?
2, 3
Let p = 23 + 5. What are the prime factors of p?
2, 7
Let g = 0 + 2. Suppose -g = i - 9. Let q = i + 3. List the prime factors of q.
2, 5
Let g = 6 + -1. Suppose 65 = -d + g*d - z, -2*d + 4*z = -22. List the prime factors of d.
17
Let o(w) = -w**3 + 5*w**2 + 8*w - 1. Let v be o(6). Suppose 0 = -4*g + 59 - v. What are the prime factors of g?
2, 3
Suppose 0 = -0*y + 5*y - 20. Suppose -5*h + 80 = y*d + d, 3*h + 4*d = 51. Let q = -1 + h. What are the prime factors of q?
2, 3
Let l = -63 + 135. Suppose p = -p + l. List the prime factors of p.
2, 3
Let z(q) = -q**3 + 9*q**2 + 11*q - 13. List the prime factors of z(9).
2, 43
Let t(o) = -3*o**2 + 15*o - 1. Let x be t(8). Let j = -49 - x. List the prime factors of j.
2, 3
Suppose 0 = 3*d - l + 1, 5 = 5*d - 0*d + 5*l. Let q = d + 3. Suppose q*a - b - 19 = 0, 2*a - 7*a = b - 21. List the prime factors of a.
5
Let w(p) = p**3 + 5*p**2 - 4*p + 1. List the prime factors of w(-4).
3, 11
Let i = 11 - 7. Suppose 0 = i*g + 4*l - 12, 3 = 3*g - 2*g - 5*l. List the prime factors of (-74)/(-8) - g/12.
3
Let m(f) = -7*f**3 + 15*f**2 - 8*f + 13. Let z(g) = -4*g**3 + 8*g**2 - 4*g + 7. Let j(b) = -3*m(b) + 5*z(b). List the prime factors of j(5).
2
Let q(z) = z - 3. Let c be q(5). Suppose -f + 3*l + 11 = 0, f = -4*l + c*l - 4. Suppose f*h + 0*h - 14 = 0. List the prime factors of h.
7
Suppose -4*g + 367 + 273 = 0. List the prime factors of g.
2, 5
Suppose -3*b + 8*b = -90. What are the prime factors of (16/(-3))/(4/b)?
2, 3
Let q be 0 + 1 + (-1)/(-1). Let w = q + 5. Let a = 14 - w. List the prime factors of a.
7
Suppose -8 = -2*q - 0. Let k = 8 - q. What are the prime factors of k?
2
Suppose 0*p = -3*p + 30. Let r(o) = -o**3 + 9*o**2 + 11*o - 8. List the prime factors of r(p).
2
Let a(t) be the first derivative of -25*t**4/4 - 2*t**3/3 + t - 3. What are the prime factors of a(-1)?
2, 3
Let n(h) = h**3 + 5*h**2 - 7*h - 7. Let l be n(-6). What are the prime factors of (-18)/(-3) + (l - -1)?
2, 3
Suppose 295 = 5*b - 345. Suppose -2 = -5*h + b. What are the prime factors of h?
2, 13
Let r be 2/(-11) - 86/11. Let w(b) = b + 10. Let a be w(r). List the prime factors of (-8*1)/(-2) - a.
2
Suppose -15 = -3*y + 3. Suppose 0 = -3*k - x + 5 - 3, k + y = 3*x. Let a(p) = p**2 + 10. List the prime factors of a(k).
2, 5
Let h(t) = t**2 - 15*t + 14. Let b be h(14). Let a = 16 + b. What are the prime factors of a?
2
Let x = 2 + 0. Suppose r = -x + 10. List the prime factors of r.
2
Suppose -3*h + 20 = 2*h + 5*k, 4*h - 10 = 2*k. Suppose -h*t - 1 - 2 = 0. List the prime factors of t/((2/(-22))/1).
11
Suppose -7*q = -10*q + 6. Let d be (-1 + -4)/(1 - 2). Suppose 36 = 4*f + 4*c, f + q = -d*c - 1. List the prime factors of f.
2, 3
Let c be 3 + -2 - -3 - 2. Suppose -3*g = -4*g + c, 5*g - 18 = -4*x. Suppose -x*h + 0*h - 5*z = -16, 2*z = -3*h + 24. What are the prime factors of h?
2
Suppose -3*l + 22 = -62. What are the prime factors of l?
2, 7
What are the prime factors of (-1)/(-6)*0 - (1 - 96)?
5, 19
Suppose -6 = -2*n - 2*n + 3*b, 4*n - 4*b - 4 = 0. Let k = -31 + 46. Let l = k - n. List the prime factors of l.
2, 3
Let j = -25 + 19. What are the prime factors of j/(-33) + 546/22?
5
Let w = 16 - 3. What are the prime factors of w?
13
Let i be (-2)/(-4)*-2 + 4. Suppose -5*f = 5*a - 40, 5*f - 26 = 3*f + i*a. What are the prime factors of f?
2, 5
What are the prime factors of (-342)/12*40/(-12)?
5, 19
Let l be (6/12)/(2/8). Let x be l/(-6) - (-4)/3. List the prime factors of -3 - -13 - 2/x.
2
Suppose 4*o + 5 = -f, -5*f - 5*o - 2 = -22. Suppose -21 = -2*p + f. List the prime factors of p.
2, 7
Let h(n) = 6*n - 7. List the prime factors of h(6).
29
Let c be -2*(-21)/(-6) + 2. List the prime factors of (12/c)/((-3)/15).
2, 3
Let d(c) be the first derivative of c**4/4 + 3*c**3 + 3*c**2 - 9*c - 9. Let b = -5 - 3. What are the prime factors of d(b)?
7
Let r(s) = s**3 - 4*s**2 + 2*s + 2. Suppose -m - 16 = -3*m + 3*a, 2*a + 19 = 3*m. Suppose o - m*o = -u - 20, 3*u = -5*o + 8. List the prime factors of r(o).
2, 5
Let m(b) = 97*b**3 + 2*b**2 - b. What are the prime factors of m(1)?
2, 7
Suppose 0 = -15*v + 2148 + 477. What are the prime factors of v?
5, 7
Let d be -1*(1 + (0 - 0)). Let j be (3/(-6))/(d/(-12)). List the prime factors of (-76)/j - (-4)